 -2*m. Let w = -10 - m. Let i be f(w). What is the greatest common factor of 8 and i?
8
Let l be 3 + 2/(2 + -3). Let n be -3 + l + (-24)/(-2). Suppose 0*s = -s + n. Calculate the greatest common divisor of 30 and s.
10
Let y(c) = -c + 14. Let h be y(11). Suppose -8*p = -h*p - 865. Suppose -115 = -4*j + p. Calculate the highest common factor of j and 8.
8
Let x(t) = 3*t - 12. Let l be x(5). Suppose l*i - 30 = -2*i. Suppose 55 = 11*z - i*z. What is the greatest common divisor of 88 and z?
11
Let q = 383 + -360. Suppose 5*m + r - 803 = 5, 486 = 3*m + r. Calculate the highest common divisor of q and m.
23
Let m(y) = 8*y**3 - y**2 - 3*y - 5. Let f be m(-2). Let n = -45 - f. Suppose 0 = -2*x - x + 6. What is the highest common divisor of n and x?
2
Suppose 2*j - 7*j = n + 7, -2*n + 10 = 4*j. Calculate the greatest common factor of 3 and n.
1
Let a = 158 - 141. Let x be -5*3*(-17)/5. Calculate the greatest common divisor of x and a.
17
Suppose -7*f = 2*f + 90. Let r be (-390)/4*12/f. What is the highest common factor of r and 78?
39
Let o be 35/4 - (-8 - 420/(-48)). Let f be 1/(-2)*(1 - 49). Calculate the greatest common factor of o and f.
8
Let x(v) be the second derivative of 2*v**3/3 - 27*v**2/2 - 2*v. Let t be x(7). Calculate the greatest common divisor of 7 and t.
1
Let h(b) = -b**2 + 4*b + 10. Let u be h(7). Let l = u - -13. Suppose 0*t - l*t + 56 = 0. What is the greatest common divisor of 70 and t?
14
Let h be 2/(-15) + (-30)/(-225). Suppose 5*n + 0 - 25 = h. Calculate the highest common factor of 45 and n.
5
Suppose 0 = -4*j + 144 - 8. What is the greatest common divisor of j and 238?
34
Suppose -56*a = -112*a + 7168. Calculate the greatest common factor of 48 and a.
16
Let o(i) = 3*i**2 + 3*i - 6. Suppose 0 = -3*c - 6, 4*a - 5*c + 2 = -0*c. Let n be o(a). Calculate the greatest common divisor of n and 108.
12
Suppose 0 = 2*j + 2*d - 26, 0 = 3*j + 4*d - 70 + 26. Suppose -2*p - 1 = -5*b - j, 4*b + 26 = 5*p. What is the highest common factor of p and 6?
6
Suppose -9*r = -38*r + 6728. Calculate the highest common factor of r and 8.
8
Let d(w) = w**3 + 5*w**2 + 3*w + 5. Let y be d(-4). Let j = 19 - 21. Let n(a) = -a**2 - 2*a + 3. Let t be n(j). Calculate the highest common factor of t and y.
3
Suppose -121*u + 118*u + 4*x = -14, 0 = -u + 4*x + 2. What is the greatest common factor of u and 186?
6
Suppose 17 + 47 = 4*u. Let l be 48/u*(-4)/(-3). Let z be 82/l - 2/4. Calculate the greatest common divisor of 20 and z.
20
Let o be (-19)/((-152)/(-16))*-25. What is the greatest common factor of o and 2050?
50
Suppose 11 = 3*c + r - 14, 50 = 4*c - 2*r. Suppose -3*l = -c - 20. Suppose 2*u + 100 = 3*u. Calculate the greatest common factor of l and u.
10
Let z be (-9)/(-3)*-1 - -23. Suppose 5*p = -5*i + 135, z + 105 = 5*i + 3*p. Calculate the greatest common factor of 2 and i.
2
Let i be ((-768)/(-224))/(2/84). What is the highest common factor of i and 48?
48
Let m(c) = -c - 2*c - 12 + 3*c + c + c**2. Let o be m(5). Calculate the greatest common factor of o and 45.
9
Suppose -7*u + 5*u - 32 = 0. Let d = u + 28. Calculate the greatest common divisor of d and 6.
6
Let x(g) = -4*g + 10. Let a be x(-5). Let p be (-2)/9*-48 - (-4)/(-6). What is the highest common divisor of a and p?
10
Let f(w) = -7*w - 51. Let p be f(-9). Calculate the greatest common divisor of p and 492.
12
Suppose -2*d - 78 = 40. Let f = -47 - d. Calculate the highest common divisor of f and 108.
12
Suppose -2*q = t - 315, -4*t + 1320 = 34*q - 38*q. What is the greatest common divisor of t and 75?
25
Let b(c) = -45*c**2 - 9*c - 3. Let d(l) = 22*l**2 + 4*l + 2. Let m(v) = 2*b(v) + 5*d(v). Let a be m(-2). What is the highest common factor of a and 120?
40
Let r = -1437 + 1517. Suppose 3*m = 2*m + 10. Calculate the highest common divisor of m and r.
10
Let y(r) be the third derivative of -r**6/120 - 7*r**5/60 + 7*r**4/24 - r**3/6 + 6*r**2. Let t be y(-8). What is the highest common divisor of t and 21?
7
Suppose 92 = 5*o - 7*o. Let s = 81 + o. Calculate the greatest common factor of s and 14.
7
Suppose 2*x - 48 - 17 = -3*f, 38 = 2*f - 4*x. Suppose 3*c = 12, -2*y - 3*c = -0*y - 48. Let l = f - y. What is the highest common divisor of l and 3?
3
Let n(m) be the first derivative of m**3/3 + 7*m**2/2 + 4*m + 2. Let j be n(-7). What is the greatest common factor of j and 2?
2
Let v(n) = 118*n - 15. Let g be v(2). What is the greatest common factor of 17 and g?
17
Let w be (256/48)/((-2)/(-3)). Calculate the highest common factor of w and 64.
8
Suppose 0 = 4*t - 64 + 8. Let d be t/(-4)*(-40)/7. Let k(w) = w**2 + w - 2. Let b be k(-4). What is the greatest common factor of d and b?
10
Suppose 5*w - 6*w - 25 = 0. Let d = -2 + w. Let f be (-2073)/d - (-8)/36. Calculate the greatest common factor of f and 7.
7
Let w(m) = -21*m**3 + 2*m + 1. Let b be w(-1). Calculate the greatest common divisor of b and 180.
20
Let b(d) = -d**3 - d**2 - d + 7. Let f be b(0). Let m = 9 - f. Suppose 0 = -u - m*u + 15. Calculate the greatest common divisor of u and 20.
5
Let a = 472 + -402. Calculate the greatest common divisor of a and 60.
10
Suppose 4*c - 24 + 0 = 0. Let d(h) = h**2 + 6*h - 13. Let k be d(c). Suppose 112 = 3*y - k. What is the greatest common factor of y and 38?
19
Let r(s) = -15*s - 9. Let u be r(-3). Let k(p) = p**2 + 4*p. Let m be k(-4). Suppose -2*g + 2 + 6 = m. Calculate the highest common factor of u and g.
4
Suppose 0 = -5*p + 153 + 7. Calculate the highest common divisor of p and 416.
32
Suppose u - 4*c - 8 = 3, 4*u = c + 14. Suppose u*s - 8*s = 3*v - 504, s - 168 = -v. Calculate the highest common factor of 14 and v.
14
Suppose -3*j - 7 = 3*i - 40, 5*j + 1 = -i. Let l = 58 + -49. Suppose -15*s = -l*s - 12. Calculate the greatest common factor of i and s.
2
Suppose 7 = s - 4. Let i = s + -6. Suppose i*n = -0*d - 4*d + 96, 3*d - 72 = -4*n. Calculate the greatest common divisor of d and 24.
24
Suppose 4*j = -j + 75. Suppose 5*s - 11 + 41 = 5*z, -5*s - j = 0. Calculate the greatest common factor of 2 and z.
1
Suppose 22*x - 945 = 17*x + 5*f, 5*x - 4*f - 948 = 0. What is the greatest common divisor of x and 256?
64
Suppose 14*a = -6*a + 3800. What is the highest common factor of a and 10?
10
Suppose 5*a + 11 + 4 = 0. Let w = 15 + a. Suppose 26*o - 24*o - 60 = 0. What is the greatest common divisor of o and w?
6
Suppose 70 = -2033*b + 2038*b. Calculate the greatest common factor of b and 10.
2
Suppose -4*s = -2*r + 4, 4*r + 5*s = 3*s + 48. What is the greatest common factor of 135 and r?
5
Suppose 2*x = v - 58, v + 59 = -5*x + 138. What is the greatest common divisor of v and 208?
16
Let h = -17 + 89. Calculate the greatest common divisor of h and 54.
18
Let v = -103 + 161. Suppose 0 = 2*o + 4, -4*o - 171 + 47 = -c. Calculate the greatest common divisor of v and c.
58
Let b(o) = -o**2 + 21. Let t be b(-5). Let a be 458/5 + (-1)/(10/t). Calculate the highest common factor of 23 and a.
23
Suppose 5*z + 375 = 2*s, -12*s + 890 = -7*s - 3*z. What is the greatest common factor of s and 14?
7
Let l = -280 + 282. What is the highest common divisor of l and 2?
2
Let w = -52 - -31. Let j = w - -44. What is the greatest common divisor of j and 23?
23
Let c be 20/2 - (-1 - -1). Suppose -6573 = -24*w - 4653. What is the highest common factor of w and c?
10
Let d = -24 + 37. Suppose u - d = -11. Calculate the greatest common divisor of u and 1.
1
Suppose 2*c + 145 = 4*h - 109, -10 = -2*c. Suppose 5*d = q + 330, d = -q - q + h. What is the highest common divisor of 6 and d?
6
Let n = 602 - 500. Calculate the greatest common factor of 357 and n.
51
Suppose 0 = 3*w - r - 19, -3*w + 2*r - 3*r + 17 = 0. Suppose u + 48 = 2*u. Calculate the highest common divisor of w and u.
6
Let y be (5 - (-28)/12)*12/2. Let z = y - -28. What is the greatest common divisor of 9 and z?
9
Let h = -9 + -4. Suppose 0*b - 2*b = -3*w + 43, 5*b = -w + 20. Let o = h + w. Calculate the greatest common factor of o and 10.
2
Let h be 425/20 - 3*(-1)/4. Let w = 290 - 752. Let y = 704 + w. What is the greatest common factor of y and h?
22
Let g be (-2)/(-10) - (104/20 + 3). Let t = 8 + 11. Let u = g + t. Calculate the highest common divisor of 121 and u.
11
Suppose -9 = -3*g + 6. Suppose -207 = -2*d - g*m, d - 258 = -2*d + 3*m. Suppose 64*v - 